{"id":16275,"date":"2026-02-27T07:03:06","date_gmt":"2026-02-27T07:03:06","guid":{"rendered":"https:\/\/vetatourism.com\/?post_type=product&#038;p=16275"},"modified":"2026-04-25T19:13:08","modified_gmt":"2026-04-25T19:13:08","slug":"blue-cave-bay-of-kotor-yacht-tour","status":"publish","type":"product","link":"https:\/\/vetatourism.com\/tours\/blue-cave-bay-of-kotor-yacht-tour","title":{"rendered":"Mavi Ma\u011fara ve Kotor K\u00f6rfezi Yat Turu"},"content":{"rendered":"<p>Unutulmaz bir tatil s\u0131ras\u0131nda Karada\u011f'\u0131n en ikonik k\u0131y\u0131 hazinelerini ke\u015ffedin <strong>Mavi Ma\u011fara ve Kotor K\u00f6rfezi Yat Deneyimi<\/strong> - macera, rahatlama ve nefes kesen Adriyatik manzaras\u0131n\u0131n m\u00fckemmel bir kombinasyonu.<\/p>\n<p>Bir gemide kristal berrakl\u0131\u011f\u0131nda sularda seyir <strong>modern l\u00fcks yat<\/strong> gizli ma\u011faralar\u0131, dramatik kayal\u0131klar\u0131, tarihi simge yap\u0131lar\u0131 ve g\u00fczel Kotor K\u00f6rfezi'nin muhte\u015fem panoramik manzaralar\u0131n\u0131 ke\u015ffederken.<\/p>\n<p>\u00dcnl\u00fclerin i\u00e7inde y\u00fcz\u00fcn <strong>Mavi Ma\u011fara<\/strong>, g\u00fcne\u015f \u0131\u015f\u0131\u011f\u0131n\u0131n denizden yans\u0131d\u0131\u011f\u0131 yerde b\u00fcy\u00fcl\u00fc parlayan mavi renkler yarat\u0131r. Gemide rahatlay\u0131n, \u00e7arp\u0131c\u0131 foto\u011fraflar \u00e7ekin veya bozulmam\u0131\u015f sulara heyecan verici u\u00e7urum atlay\u0131\u015flar\u0131n\u0131n tad\u0131n\u0131 \u00e7\u0131kar\u0131n.<\/p>\n<ul>\n<li>\ud83d\udd35 <strong>Mavi Ma\u011fara<\/strong> - Karada\u011f'\u0131n parlayan mavi \u0131\u015f\u0131k yans\u0131malar\u0131yla dolu \u00fcnl\u00fc deniz ma\u011faras\u0131nda y\u00fcz\u00fcn.<\/li>\n<li>\ud83d\udea4 <strong>L\u00fcks Yat Gezisi<\/strong> -Berrak Adriyatik sular\u0131nda rahat ve yumu\u015fak bir s\u00fcr\u00fc\u015f\u00fcn tad\u0131n\u0131 \u00e7\u0131kar\u0131n.<\/li>\n<li>\ud83c\udfde\ufe0f <strong>Kotor K\u00f6rfezi<\/strong> - Akdeniz'in en g\u00fczel k\u0131y\u0131 manzaralar\u0131ndan birinde gezinin.<\/li>\n<li>\ud83d\udcf8 <strong>Foto\u011fraf Duraklar\u0131<\/strong> - Kayal\u0131klar\u0131n, ma\u011faralar\u0131n ve tarihi k\u0131y\u0131 simge yap\u0131lar\u0131n\u0131n muhte\u015fem manzaralar\u0131n\u0131 yakalay\u0131n.<\/li>\n<li>\ud83d\udc2c <strong>Yunus G\u00f6zlemleri<\/strong> - \u015eansl\u0131 konuklar yat\u0131n yan\u0131nda y\u00fczen yunuslar\u0131 g\u00f6rebilir.<\/li>\n<\/ul>\n<p>Bu yat deneyimi, Karada\u011f'\u0131n sahil \u015feridini e\u015fsiz ve unutulmaz bir \u015fekilde ke\u015ffetmek isteyen \u00e7iftler, aileler ve gezginler i\u00e7in m\u00fckemmeldir.<\/p>\n<p>&nbsp;<\/p>\n<hr \/>\n<p>&nbsp;<\/p>\n<div class=\"tour-content-what-included\">\n<h4 id=\"whats-included\">Neler Dahil<\/h4>\n<ul style=\"column-count: 2;\">\n<li>Profesyonel kaptan ve deneyimli ekip<\/li>\n<li>Konforlu l\u00fcks yat gezisi<\/li>\n<li>\u00c7ok dilli sesli rehber<\/li>\n<li>Mavi Ma\u011farada ziyaret ve y\u00fczme dura\u011f\u0131<\/li>\n<li>Can yelekleri ve g\u00fcvenlik ekipmanlar\u0131<\/li>\n<li>Kotor K\u00f6rfezi boyunca do\u011fal seyir<\/li>\n<li>Foto\u011fraf ve panoramik gezi duraklar\u0131<\/li>\n<li>Yak\u0131t maliyetleri ve liman \u00fccretleri dahildir<\/li>\n<\/ul>\n<p>&nbsp;<\/p>\n<\/div>\n<p>&nbsp;<\/p>\n<hr \/>\n<p>&nbsp;<\/p>\n<div class=\"tour-content-add-information\">\n<h4>ek bilgi<\/h4>\n<ul>\n<li>G\u00f6lgeli ve a\u00e7\u0131k alanlara sahip konforlu modern yat<\/li>\n<li>Y\u00fczme duraklar\u0131 hava ve deniz ko\u015fullar\u0131na ba\u011fl\u0131d\u0131r<\/li>\n<li>Teknede \u00e7ok dilli sesli rehber mevcuttur<\/li>\n<li>Aileler ve t\u00fcm ya\u015f gruplar\u0131 i\u00e7in uygundur<\/li>\n<\/ul>\n<p>&nbsp;<\/p>\n<\/div>\n<hr \/>\n<p>&nbsp;<\/p>\n<div class=\"tour-content-cancell-policy\">\n<p><strong>Ne Getirmeli<\/strong><\/p>\n<ul style=\"column-count: 2;\">\n<li>Mayo ve havlu \ud83e\ude71<\/li>\n<li>G\u00fcne\u015f kremi ve g\u00fcne\u015f g\u00f6zl\u00fc\u011f\u00fc \ufe0f \ufe0f<\/li>\n<li>\u015eapka veya \u015fapka \ud83e\udde2<\/li>\n<li>Su ge\u00e7irmez telefon k\u0131l\u0131f\u0131 \ud83d\udcf1<\/li>\n<li>Rahat k\u0131yafetler<\/li>\n<li>Ekstralar i\u00e7in biraz nakit \ud83d\udcb3<\/li>\n<\/ul>\n<\/div>","protected":false},"excerpt":{"rendered":"<p>Macera, rahatlama ve nefes kesen Adriyatik manzaras\u0131n\u0131n m\u00fckemmel bir birle\u015fimi olan unutulmaz Blue Cave &amp; Bay of Kotor Yat Deneyimi s\u0131ras\u0131nda Karada\u011f'\u0131n en ikonik k\u0131y\u0131 hazinelerini ke\u015ffedin.<br \/>\nCruise across <\/p>","protected":false},"featured_media":16168,"comment_status":"open","ping_status":"closed","template":"","meta":[],"product_brand":[],"product_cat":[],"product_tag":[197],"class_list":{"0":"post-16275","1":"product","2":"type-product","3":"status-publish","4":"has-post-thumbnail","6":"product_tag--most-booked","7":"pa_destination-montenegro","9":"first","10":"instock","11":"shipping-taxable","12":"purchasable","13":"product-type-tour_phys"},"_links":{"self":[{"href":"https:\/\/vetatourism.com\/tr\/wp-json\/wp\/v2\/product\/16275","targetHints":{"allow":["GET"]}}],"collection":[{"href":"https:\/\/vetatourism.com\/tr\/wp-json\/wp\/v2\/product"}],"about":[{"href":"https:\/\/vetatourism.com\/tr\/wp-json\/wp\/v2\/types\/product"}],"replies":[{"embeddable":true,"href":"https:\/\/vetatourism.com\/tr\/wp-json\/wp\/v2\/comments?post=16275"}],"wp:featuredmedia":[{"embeddable":true,"href":"https:\/\/vetatourism.com\/tr\/wp-json\/wp\/v2\/media\/16168"}],"wp:attachment":[{"href":"https:\/\/vetatourism.com\/tr\/wp-json\/wp\/v2\/media?parent=16275"}],"wp:term":[{"taxonomy":"product_brand","embeddable":true,"href":"https:\/\/vetatourism.com\/tr\/wp-json\/wp\/v2\/product_brand?post=16275"},{"taxonomy":"product_cat","embeddable":true,"href":"https:\/\/vetatourism.com\/tr\/wp-json\/wp\/v2\/product_cat?post=16275"},{"taxonomy":"product_tag","embeddable":true,"href":"https:\/\/vetatourism.com\/tr\/wp-json\/wp\/v2\/product_tag?post=16275"}],"curies":[{"name":"wp","href":"https:\/\/api.w.org\/{rel}","templated":true}]}}

Mavi Mağara ve Kotor Körfezi Yat Turu

<p>Unutulmaz bir tatil sırasında Karadağ'ın en ikonik kıyı hazinelerini keşfedin <strong>Mavi Mağara ve Kotor Körfezi Yat Deneyimi</strong> - macera, rahatlama ve nefes kesen Adriyatik manzarasının mükemmel bir kombinasyonu.</p>
<p>Bir gemide kristal berraklığında sularda seyir <strong>modern lüks yat</strong> gizli mağaraları, dramatik kayalıkları, tarihi simge yapıları ve güzel Kotor Körfezi'nin muhteşem panoramik manzaralarını keşfederken.</p>
<p>Ünlülerin içinde yüzün <strong>Mavi Mağara</strong>, güneş ışığının denizden yansıdığı yerde büyülü parlayan mavi renkler yaratır. Gemide rahatlayın, çarpıcı fotoğraflar çekin veya bozulmamış sulara heyecan verici uçurum atlayışlarının tadını çıkarın.</p>
<ul>
<li>🔵 <strong>Mavi Mağara</strong> - Karadağ'ın parlayan mavi ışık yansımalarıyla dolu ünlü deniz mağarasında yüzün.</li>
<li>🚤 <strong>Lüks Yat Gezisi</strong> -Berrak Adriyatik sularında rahat ve yumuşak bir sürüşün tadını çıkarın.</li>
<li>🏞️ <strong>Kotor Körfezi</strong> - Akdeniz'in en güzel kıyı manzaralarından birinde gezinin.</li>
<li>📸 <strong>Fotoğraf Durakları</strong> - Kayalıkların, mağaraların ve tarihi kıyı simge yapılarının muhteşem manzaralarını yakalayın.</li>
<li>🐬 <strong>Yunus Gözlemleri</strong> - Şanslı konuklar yatın yanında yüzen yunusları görebilir.</li>
</ul>
<p>Bu yat deneyimi, Karadağ'ın sahil şeridini eşsiz ve unutulmaz bir şekilde keşfetmek isteyen çiftler, aileler ve gezginler için mükemmeldir.</p>
<p>&nbsp;</p>
<hr />
<p>&nbsp;</p>
<div class="tour-content-what-included">
<h4 id="whats-included">Neler Dahil</h4>
<ul style="column-count: 2;">
<li>Profesyonel kaptan ve deneyimli ekip</li>
<li>Konforlu lüks yat gezisi</li>
<li>Çok dilli sesli rehber</li>
<li>Mavi Mağarada ziyaret ve yüzme durağı</li>
<li>Can yelekleri ve güvenlik ekipmanları</li>
<li>Kotor Körfezi boyunca doğal seyir</li>
<li>Fotoğraf ve panoramik gezi durakları</li>
<li>Yakıt maliyetleri ve liman ücretleri dahildir</li>
</ul>
<p>&nbsp;</p>
</div>
<p>&nbsp;</p>
<hr />
<p>&nbsp;</p>
<div class="tour-content-add-information">
<h4>ek bilgi</h4>
<ul>
<li>Gölgeli ve açık alanlara sahip konforlu modern yat</li>
<li>Yüzme durakları hava ve deniz koşullarına bağlıdır</li>
<li>Teknede çok dilli sesli rehber mevcuttur</li>
<li>Aileler ve tüm yaş grupları için uygundur</li>
</ul>
<p>&nbsp;</p>
</div>
<hr />
<p>&nbsp;</p>
<div class="tour-content-cancell-policy">
<p><strong>Ne Getirmeli</strong></p>
<ul style="column-count: 2;">
<li>Mayo ve havlu 🩱</li>
<li>Güneş kremi ve güneş gözlüğü ️ ️</li>
<li>Şapka veya şapka 🧢</li>
<li>Su geçirmez telefon kılıfı 📱</li>
<li>Rahat kıyafetler</li>
<li>Ekstralar için biraz nakit 💳</li>
</ul>
</div>

<p>Macera, rahatlama ve nefes kesen Adriyatik manzarasının mükemmel bir birleşimi olan unutulmaz Blue Cave &amp; Bay of Kotor Yat Deneyimi sırasında Karadağ'ın en ikonik kıyı hazinelerini keşfedin.<br />
Cruise across </p>
