{"id":13917,"date":"2026-01-30T10:16:39","date_gmt":"2026-01-30T10:16:39","guid":{"rendered":"https:\/\/vetatourism.com\/?post_type=product&#038;p=13917"},"modified":"2026-03-09T05:48:52","modified_gmt":"2026-03-09T05:48:52","slug":"land-of-legends-night-show-from-belek","status":"publish","type":"product","link":"https:\/\/vetatourism.com\/tours\/land-of-legends-night-show-from-belek","title":{"rendered":"Belek'ten Efsaneler Diyar\u0131 Gece G\u00f6sterisi"},"content":{"rendered":"<p data-start=\"1420\" data-end=\"1693\">Ak\u015fam\u0131n\u0131z Belek, Kadriye veya Bo\u011fazkent'ten Efsaneler \u00dclkesi Tema Park\u0131na konforlu bir transferle ba\u015flar. Gece \u00e7\u00f6kt\u00fc\u011f\u00fcnde, m\u00fczik, lazer projeksiyonlar\u0131, \u0131\u015f\u0131kl\u0131 \u00e7e\u015fmeler ve b\u00fcy\u00fcl\u00fc bir ortam yaratan \u00f6zel efektleri birle\u015ftiren birinci s\u0131n\u0131f bir performans\u0131n tad\u0131n\u0131 \u00e7\u0131kar\u0131n.<\/p>\n<p data-start=\"1695\" data-end=\"1930\">En etkileyici anlardan biri <strong data-start=\"1737\" data-end=\"1752\">tekne ge\u00e7it t\u00f6reni<\/strong>, m\u00fczikal temalar, sanat\u00e7\u0131lar ve parlak ayd\u0131nlatma e\u015fli\u011finde kanal boyunca g\u00fczelce dekore edilmi\u015f teknelerin y\u00fczd\u00fc\u011f\u00fc yer. Hem yeti\u015fkinler hem de \u00e7ocuklar i\u00e7in unutulmaz bir vurgu.<\/p>\n<p data-start=\"1932\" data-end=\"2119\">G\u00f6steriden sonra 180'den fazla butik, kafe ve restoran\u0131n bulundu\u011fu hareketli al\u0131\u015fveri\u015f bulvar\u0131n\u0131 ke\u015ffetmek i\u00e7in zaman\u0131n\u0131z olacak. Foto\u011fraf \u00e7ekin, al\u0131\u015fveri\u015f yap\u0131n ya da sadece \u015fenlikli ak\u015fam atmosferinin tad\u0131n\u0131 \u00e7\u0131kar\u0131n.<\/p>\n<p data-start=\"2121\" data-end=\"2250\">Program sona erdi\u011finde, bu muhte\u015fem gecenin unutulmaz izlenimleriyle otelinize d\u00f6n\u00fc\u015f transferinizde rahatlay\u0131n.<\/p>\n<p>&nbsp;<\/p>\n<hr \/>\n<p>&nbsp;<\/p>\n<div class=\"tour-content-what-included\">\n<h4 id=\"whats-included\">Neler Dahil<\/h4>\n<ul style=\"column-count: 2;\">\n<li>Belek, Kadriye ve Bo\u011fazkent otellerinden teslim alma<\/li>\n<li>Efsaneler \u00dclkesi Tema Park\u0131na Var\u0131\u015f<\/li>\n<li>Lazer ve \u00e7e\u015fme performanslar\u0131n\u0131n keyfini \u00e7\u0131kar\u0131n<\/li>\n<li>I\u015f\u0131kl\u0131 tekne ge\u00e7it t\u00f6renini izleyin<\/li>\n<li>Al\u0131\u015fveri\u015f bulvar\u0131nda serbest zaman (1-2 saat)<\/li>\n<li>Otelinize d\u00f6n\u00fc\u015f transferi<\/li>\n<\/ul>\n<p>&nbsp;<\/p>\n<\/div>\n<hr \/>\n<p>&nbsp;<\/p>\n<div class=\"tour-content-add-information\">\n<h4>ek bilgi<\/h4>\n<ul>\n<li>S\u00fcre: yakla\u015f\u0131k. 3-4 saat<\/li>\n<li>Temel hareket kabiliyetine sahip konuklar i\u00e7in uygundur<\/li>\n<li>Minimum fiziksel \u00e7aba gerekli<\/li>\n<li>Kalk\u0131\u015ftan 10 dakika \u00f6nce ana otel giri\u015finde haz\u0131r olun<\/li>\n<li>S\u00fcr\u00fcc\u00fc en fazla 5 dakika bekler<\/li>\n<li>\u00dccretsiz seyahat eden 6 ya\u015f\u0131ndan k\u00fc\u00e7\u00fck \u00e7ocuklara ayr\u0131 bir otob\u00fcs koltu\u011fu verilmez; Gerekirse ilave koltuk rezerve edilebilir<\/li>\n<\/ul>\n<p>&nbsp;<\/p>\n<\/div>\n<hr \/>\n<p>&nbsp;<\/p>\n<div class=\"tour-content-cancell-policy\">\n<p><strong>Ne Getirmeli<\/strong><\/p>\n<ul style=\"column-count: 2;\">\n<li>Rahat y\u00fcr\u00fcy\u00fc\u015f ayakkab\u0131s\u0131 \ud83d\udc5f<\/li>\n<li>Hava ko\u015fullar\u0131na uygun giysiler \ud83d\udc5a<\/li>\n<li>Foto\u011fraflar i\u00e7in ak\u0131ll\u0131 telefon veya kamera \ud83d\udcf1<\/li>\n<li>Ki\u015fisel al\u0131mlar i\u00e7in biraz nakit <img decoding=\"async\" class=\"emoji\" role=\"img\" draggable=\"false\" src=\"https:\/\/s.w.org\/images\/core\/emoji\/17.0.2\/svg\/1f4b3.svg\" alt=\"\ud83d\udcb3\" \/><\/li>\n<\/ul>\n<\/div>","protected":false},"excerpt":{"rendered":"<p>Belek'ten Efsaneler Diyar\u0131 Gece G\u00f6sterisini Ay\u0131rt\u0131n! Nefes kesen \u00e7e\u015fme \u015fovlar\u0131n\u0131n, canl\u0131 lazer g\u00f6sterilerinin, ikonik tekne ge\u00e7it t\u00f6reninin ve canl\u0131 bir al\u0131\u015fveri\u015f bulvar\u0131n\u0131n keyfini \u00e7\u0131kar\u0131n. Otel transferleri dahil unutulmaz bir ak\u015fam gezisi.<\/p>","protected":false},"featured_media":13909,"comment_status":"open","ping_status":"closed","template":"","meta":[],"product_brand":[],"product_cat":[15],"product_tag":[],"class_list":{"0":"post-13917","1":"product","2":"type-product","3":"status-publish","4":"has-post-thumbnail","6":"tour_phys-tours","7":"product_cat-non-classe","8":"pa_destination-belek","10":"first","11":"instock","12":"sale","13":"shipping-taxable","14":"purchasable","15":"product-type-tour_phys"},"_links":{"self":[{"href":"https:\/\/vetatourism.com\/tr\/wp-json\/wp\/v2\/product\/13917","targetHints":{"allow":["GET"]}}],"collection":[{"href":"https:\/\/vetatourism.com\/tr\/wp-json\/wp\/v2\/product"}],"about":[{"href":"https:\/\/vetatourism.com\/tr\/wp-json\/wp\/v2\/types\/product"}],"replies":[{"embeddable":true,"href":"https:\/\/vetatourism.com\/tr\/wp-json\/wp\/v2\/comments?post=13917"}],"wp:featuredmedia":[{"embeddable":true,"href":"https:\/\/vetatourism.com\/tr\/wp-json\/wp\/v2\/media\/13909"}],"wp:attachment":[{"href":"https:\/\/vetatourism.com\/tr\/wp-json\/wp\/v2\/media?parent=13917"}],"wp:term":[{"taxonomy":"product_brand","embeddable":true,"href":"https:\/\/vetatourism.com\/tr\/wp-json\/wp\/v2\/product_brand?post=13917"},{"taxonomy":"product_cat","embeddable":true,"href":"https:\/\/vetatourism.com\/tr\/wp-json\/wp\/v2\/product_cat?post=13917"},{"taxonomy":"product_tag","embeddable":true,"href":"https:\/\/vetatourism.com\/tr\/wp-json\/wp\/v2\/product_tag?post=13917"}],"curies":[{"name":"wp","href":"https:\/\/api.w.org\/{rel}","templated":true}]}}

Belek'ten Efsaneler Diyarı Gece Gösterisi

<p data-start="1420" data-end="1693">Akşamınız Belek, Kadriye veya Boğazkent'ten Efsaneler Ülkesi Tema Parkına konforlu bir transferle başlar. Gece çöktüğünde, müzik, lazer projeksiyonları, ışıklı çeşmeler ve büyülü bir ortam yaratan özel efektleri birleştiren birinci sınıf bir performansın tadını çıkarın.</p>
<p data-start="1695" data-end="1930">En etkileyici anlardan biri <strong data-start="1737" data-end="1752">tekne geçit töreni</strong>, müzikal temalar, sanatçılar ve parlak aydınlatma eşliğinde kanal boyunca güzelce dekore edilmiş teknelerin yüzdüğü yer. Hem yetişkinler hem de çocuklar için unutulmaz bir vurgu.</p>
<p data-start="1932" data-end="2119">Gösteriden sonra 180'den fazla butik, kafe ve restoranın bulunduğu hareketli alışveriş bulvarını keşfetmek için zamanınız olacak. Fotoğraf çekin, alışveriş yapın ya da sadece şenlikli akşam atmosferinin tadını çıkarın.</p>
<p data-start="2121" data-end="2250">Program sona erdiğinde, bu muhteşem gecenin unutulmaz izlenimleriyle otelinize dönüş transferinizde rahatlayın.</p>
<p>&nbsp;</p>
<hr />
<p>&nbsp;</p>
<div class="tour-content-what-included">
<h4 id="whats-included">Neler Dahil</h4>
<ul style="column-count: 2;">
<li>Belek, Kadriye ve Boğazkent otellerinden teslim alma</li>
<li>Efsaneler Ülkesi Tema Parkına Varış</li>
<li>Lazer ve çeşme performanslarının keyfini çıkarın</li>
<li>Işıklı tekne geçit törenini izleyin</li>
<li>Alışveriş bulvarında serbest zaman (1-2 saat)</li>
<li>Otelinize dönüş transferi</li>
</ul>
<p>&nbsp;</p>
</div>
<hr />
<p>&nbsp;</p>
<div class="tour-content-add-information">
<h4>ek bilgi</h4>
<ul>
<li>Süre: yaklaşık. 3-4 saat</li>
<li>Temel hareket kabiliyetine sahip konuklar için uygundur</li>
<li>Minimum fiziksel çaba gerekli</li>
<li>Kalkıştan 10 dakika önce ana otel girişinde hazır olun</li>
<li>Sürücü en fazla 5 dakika bekler</li>
<li>Ücretsiz seyahat eden 6 yaşından küçük çocuklara ayrı bir otobüs koltuğu verilmez; Gerekirse ilave koltuk rezerve edilebilir</li>
</ul>
<p>&nbsp;</p>
</div>
<hr />
<p>&nbsp;</p>
<div class="tour-content-cancell-policy">
<p><strong>Ne Getirmeli</strong></p>
<ul style="column-count: 2;">
<li>Rahat yürüyüş ayakkabısı 👟</li>
<li>Hava koşullarına uygun giysiler 👚</li>
<li>Fotoğraflar için akıllı telefon veya kamera 📱</li>
<li>Kişisel alımlar için biraz nakit <img decoding="async" class="emoji" role="img" draggable="false" src="https://s.w.org/images/core/emoji/17.0.2/svg/1f4b3.svg" alt="💳" /></li>
</ul>
</div>

<p>Belek'ten Efsaneler Diyarı Gece Gösterisini Ayırtın! Nefes kesen çeşme şovlarının, canlı lazer gösterilerinin, ikonik tekne geçit töreninin ve canlı bir alışveriş bulvarının keyfini çıkarın. Otel transferleri dahil unutulmaz bir akşam gezisi.</p>
