{"id":13917,"date":"2026-01-30T10:16:39","date_gmt":"2026-01-30T10:16:39","guid":{"rendered":"https:\/\/vetatourism.com\/?post_type=product&#038;p=13917"},"modified":"2026-03-09T05:48:52","modified_gmt":"2026-03-09T05:48:52","slug":"land-of-legends-night-show-from-belek","status":"publish","type":"product","link":"https:\/\/vetatourism.com\/tours\/land-of-legends-night-show-from-belek","title":{"rendered":"Nocne show \"legend\" z \u0411\u0435\u043b\u0435\u043a\u0430"},"content":{"rendered":"<p data-start=\"1420\" data-end=\"1693\">Wiecz\u00f3r rozpocznie si\u0119 z komfortowego transferu z \u0411\u0435\u043b\u0435\u043a\u0430, \u041a\u0430\u0434\u0440\u0438\u0435 lub \u0411\u043e\u0433\u0430\u0437\u043a\u0435\u043d\u0442\u0430 w parku rozrywki \"Kraina legend\". Z nadej\u015bciem zmroku zapraszamy na wyst\u0119p \u015bwiatowej klasy, \u0142\u0105cz\u0105c muzyk\u0119, laserowe projekcje, fontanny z pod\u015bwietleniem i efekty specjalne, kt\u00f3re tworz\u0105 magiczn\u0105 atmosfer\u0119.<\/p>\n<p data-start=\"1695\" data-end=\"1930\">Jednym z najbardziej spektakularnych moment\u00f3w jest <strong data-start=\"1737\" data-end=\"1752\">parada \u0142odzi<\/strong>, gdzie jest pi\u0119knie zdobione p\u0142yn\u0105 \u0142odzie na kanale w towarzystwie temat\u00f3w muzycznych, wykonawc\u00f3w i jasne o\u015bwietlenie. To niezapomniane wydarzenie zar\u00f3wno dla doros\u0142ych jak i dla dzieci.<\/p>\n<p data-start=\"1932\" data-end=\"2119\">Po koncercie b\u0119dzie czas na spacer po ruchliwej handlowego alej\u0119 z ponad 180 butik\u00f3w, kawiarni i restauracji. R\u00f3b zdj\u0119cia, r\u00f3b zakupy lub po prostu cieszy\u0107 si\u0119 atmosfer\u0105 uroczysty wiecz\u00f3r.<\/p>\n<p data-start=\"2121\" data-end=\"2250\">Kiedy program si\u0119 sko\u0144czy, relaks na odwrotnej transferze do hotelu z niezapomnianymi wra\u017ceniami z tej ekscytuj\u0105cej nocy.<\/p>\n<p>&nbsp;<\/p>\n<hr \/>\n<p>&nbsp;<\/p>\n<div class=\"tour-content-what-included\">\n<h4 id=\"whats-included\">Co wchodzi w zestaw<\/h4>\n<ul style=\"column-count: 2;\">\n<li>Odbi\u00f3r w\u0142asny z hoteli w Belek, \u041a\u0430\u0434\u0440\u0438\u0435 i \u0411\u043e\u0433\u0430\u0437\u043a\u0435\u043d\u0442\u0435<\/li>\n<li>Przyjazd do parku Rozrywki \"Kraina legend\"<\/li>\n<li>Ciesz si\u0119 laserowymi widokami i wyst\u0119py fontann<\/li>\n<li>Obserwuj parady \u0438\u043b\u043b\u044e\u043c\u0438\u043d\u0438\u0440\u043e\u0432\u0430\u043d\u043d\u044b\u0445 \u0142odzi<\/li>\n<li>Czas wolny na bulwarze (1-2 godziny)<\/li>\n<li>Transfer powrotny do hotelu<\/li>\n<\/ul>\n<p>&nbsp;<\/p>\n<\/div>\n<hr \/>\n<p>&nbsp;<\/p>\n<div class=\"tour-content-add-information\">\n<h4>Dodatkowe informacje<\/h4>\n<ul>\n<li>Czas trwania: oko\u0142o 3-4 godzin<\/li>\n<li>Przystosowany dla os\u00f3b niepe\u0142nosprawnych<\/li>\n<li>Wymagany minimalny wysi\u0142ek fizyczny<\/li>\n<li>Przygotuj si\u0119 przy g\u0142\u00f3wnym wej\u015bciu do hotelu o 10 minut przed przyjazdem<\/li>\n<li>Kierowca czeka na maksymalnie 5 minut<\/li>\n<li>Dzieci do 6 lat, podr\u00f3\u017cuj\u0105ce za darmo, osobne miejsce w autobusie nie przys\u0142uguje; w razie potrzeby mo\u017cna zarezerwowa\u0107 dodatkowe miejsce<\/li>\n<\/ul>\n<p>&nbsp;<\/p>\n<\/div>\n<hr \/>\n<p>&nbsp;<\/p>\n<div class=\"tour-content-cancell-policy\">\n<p><strong>Co zabra\u0107 ze sob\u0105<\/strong><\/p>\n<ul style=\"column-count: 2;\">\n<li>Wygodne buty do chodzenia \ud83d\udc5f<\/li>\n<li>Odzie\u017c, odpowiednia pogodzie \ud83d\udc5a<\/li>\n<li>Smartfon lub aparat fotograficzny do robienia zdj\u0119\u0107 \ud83d\udcf1<\/li>\n<li>Troch\u0119 got\u00f3wki dla osobistych zakup\u00f3w <img decoding=\"async\" class=\"emoji\" role=\"img\" draggable=\"false\" src=\"https:\/\/s.w.org\/images\/core\/emoji\/17.0.2\/svg\/1f4b3.svg\" alt=\"\ud83d\udcb3\" \/><\/li>\n<\/ul>\n<\/div>","protected":false},"excerpt":{"rendered":"<p>Zarezerwuj nocne show \"legend\" w Belek! Ciesz si\u0119 zapieraj\u0105ce dech pokaz fontann, kolorowymi drukarkami wy\u015bwietlaczami, s\u0142ynne parady \u0142odzi i t\u0119tni\u0105cym \u017cyciem centrum handlowego bulwaru. Niezapomniane wieczorne jazdy z w\u0142\u0105czonym transferem z hotelu.<\/p>","protected":false},"featured_media":13909,"comment_status":"open","ping_status":"closed","template":"","meta":[],"product_brand":[],"product_cat":[15],"product_tag":[],"class_list":{"0":"post-13917","1":"product","2":"type-product","3":"status-publish","4":"has-post-thumbnail","6":"tour_phys-tours","7":"product_cat-non-classe","8":"pa_destination-belek","10":"first","11":"instock","12":"sale","13":"shipping-taxable","14":"purchasable","15":"product-type-tour_phys"},"_links":{"self":[{"href":"https:\/\/vetatourism.com\/pl\/wp-json\/wp\/v2\/product\/13917","targetHints":{"allow":["GET"]}}],"collection":[{"href":"https:\/\/vetatourism.com\/pl\/wp-json\/wp\/v2\/product"}],"about":[{"href":"https:\/\/vetatourism.com\/pl\/wp-json\/wp\/v2\/types\/product"}],"replies":[{"embeddable":true,"href":"https:\/\/vetatourism.com\/pl\/wp-json\/wp\/v2\/comments?post=13917"}],"wp:featuredmedia":[{"embeddable":true,"href":"https:\/\/vetatourism.com\/pl\/wp-json\/wp\/v2\/media\/13909"}],"wp:attachment":[{"href":"https:\/\/vetatourism.com\/pl\/wp-json\/wp\/v2\/media?parent=13917"}],"wp:term":[{"taxonomy":"product_brand","embeddable":true,"href":"https:\/\/vetatourism.com\/pl\/wp-json\/wp\/v2\/product_brand?post=13917"},{"taxonomy":"product_cat","embeddable":true,"href":"https:\/\/vetatourism.com\/pl\/wp-json\/wp\/v2\/product_cat?post=13917"},{"taxonomy":"product_tag","embeddable":true,"href":"https:\/\/vetatourism.com\/pl\/wp-json\/wp\/v2\/product_tag?post=13917"}],"curies":[{"name":"wp","href":"https:\/\/api.w.org\/{rel}","templated":true}]}}

Nocne show "legend" z Белека

<p data-start="1420" data-end="1693">Wieczór rozpocznie się z komfortowego transferu z Белека, Кадрие lub Богазкента w parku rozrywki "Kraina legend". Z nadejściem zmroku zapraszamy na występ światowej klasy, łącząc muzykę, laserowe projekcje, fontanny z podświetleniem i efekty specjalne, które tworzą magiczną atmosferę.</p>
<p data-start="1695" data-end="1930">Jednym z najbardziej spektakularnych momentów jest <strong data-start="1737" data-end="1752">parada łodzi</strong>, gdzie jest pięknie zdobione płyną łodzie na kanale w towarzystwie tematów muzycznych, wykonawców i jasne oświetlenie. To niezapomniane wydarzenie zarówno dla dorosłych jak i dla dzieci.</p>
<p data-start="1932" data-end="2119">Po koncercie będzie czas na spacer po ruchliwej handlowego aleję z ponad 180 butików, kawiarni i restauracji. Rób zdjęcia, rób zakupy lub po prostu cieszyć się atmosferą uroczysty wieczór.</p>
<p data-start="2121" data-end="2250">Kiedy program się skończy, relaks na odwrotnej transferze do hotelu z niezapomnianymi wrażeniami z tej ekscytującej nocy.</p>
<p>&nbsp;</p>
<hr />
<p>&nbsp;</p>
<div class="tour-content-what-included">
<h4 id="whats-included">Co wchodzi w zestaw</h4>
<ul style="column-count: 2;">
<li>Odbiór własny z hoteli w Belek, Кадрие i Богазкенте</li>
<li>Przyjazd do parku Rozrywki "Kraina legend"</li>
<li>Ciesz się laserowymi widokami i występy fontann</li>
<li>Obserwuj parady иллюминированных łodzi</li>
<li>Czas wolny na bulwarze (1-2 godziny)</li>
<li>Transfer powrotny do hotelu</li>
</ul>
<p>&nbsp;</p>
</div>
<hr />
<p>&nbsp;</p>
<div class="tour-content-add-information">
<h4>Dodatkowe informacje</h4>
<ul>
<li>Czas trwania: około 3-4 godzin</li>
<li>Przystosowany dla osób niepełnosprawnych</li>
<li>Wymagany minimalny wysiłek fizyczny</li>
<li>Przygotuj się przy głównym wejściu do hotelu o 10 minut przed przyjazdem</li>
<li>Kierowca czeka na maksymalnie 5 minut</li>
<li>Dzieci do 6 lat, podróżujące za darmo, osobne miejsce w autobusie nie przysługuje; w razie potrzeby można zarezerwować dodatkowe miejsce</li>
</ul>
<p>&nbsp;</p>
</div>
<hr />
<p>&nbsp;</p>
<div class="tour-content-cancell-policy">
<p><strong>Co zabrać ze sobą</strong></p>
<ul style="column-count: 2;">
<li>Wygodne buty do chodzenia 👟</li>
<li>Odzież, odpowiednia pogodzie 👚</li>
<li>Smartfon lub aparat fotograficzny do robienia zdjęć 📱</li>
<li>Trochę gotówki dla osobistych zakupów <img decoding="async" class="emoji" role="img" draggable="false" src="https://s.w.org/images/core/emoji/17.0.2/svg/1f4b3.svg" alt="💳" /></li>
</ul>
</div>

<p>Zarezerwuj nocne show "legend" w Belek! Ciesz się zapierające dech pokaz fontann, kolorowymi drukarkami wyświetlaczami, słynne parady łodzi i tętniącym życiem centrum handlowego bulwaru. Niezapomniane wieczorne jazdy z włączonym transferem z hotelu.</p>
