{"id":13063,"date":"2026-01-29T10:06:54","date_gmt":"2026-01-29T10:06:54","guid":{"rendered":"https:\/\/vetatourism.com\/?post_type=product&#038;p=13063"},"modified":"2026-03-09T05:52:13","modified_gmt":"2026-03-09T05:52:13","slug":"porto-genoese-boat-trip-from-belek-blue-lagoon","status":"publish","type":"product","link":"https:\/\/vetatourism.com\/tours\/porto-genoese-boat-trip-from-belek-blue-lagoon","title":{"rendered":"Porto Genoese Boat Trip from Belek &#038; Blue Lagoo"},"content":{"rendered":"<div data-start=\"1431\" data-end=\"1596\">Tw\u00f3j dzie\u0144 zaczyna si\u0119 od komfortowego transferu z hotelu w Belek lub pobliskich obszarach, za kt\u00f3re nale\u017cy malownicza podr\u00f3\u017c w <strong data-start=\"1545\" data-end=\"1561\">Port Adrasan<\/strong>, gdzie czeka Tw\u00f3j butikowy jacht.<\/div>\n<div data-start=\"1598\" data-end=\"1814\">Pierwszy przystanek p\u0142ywacki to <strong data-start=\"1625\" data-end=\"1639\">Akseki Bay<\/strong>, gdzie przez oko\u0142o 30 minut mo\u017cna p\u0142ywa\u0107 i nurkowa\u0107 z rurk\u0105 w czystych wodach bogatych w \u017cycie morskie. Na dnie morskim mog\u0105 znajdowa\u0107 si\u0119 je\u017cowce, dlatego zalecane s\u0105 buty do snorkelingu.<\/div>\n<div data-start=\"1816\" data-end=\"2030\">Nast\u0119pnie rejs do osza\u0142amiaj\u0105cego <strong data-start=\"1845\" data-end=\"1866\">Zatok\u0119 Porto - \u0421\u0435\u043d\u0435\u0432\u0438\u0437<\/strong> na d\u0142u\u017cszy post\u00f3j trwaj\u0105cy oko\u0142o 60 minut. Pop\u0142ywaj w \u017cywych turkusowych wodach, ciesz si\u0119 zabawn\u0105 i orze\u017awiaj\u0105c\u0105 k\u0105piel\u0105 b\u0142otn\u0105 i zrelaksuj si\u0119 na pok\u0142adzie podczas pysznego lunchu.<\/div>\n<div data-start=\"2032\" data-end=\"2294\">Po kr\u00f3tkim rejsie dotrzyj do <strong data-start=\"2064\" data-end=\"2078\">Korsan Bay<\/strong> na oko\u0142o 40 minut p\u0142ywania i relaksu w tej spokojnej, zacisznej zatoce. Je\u015bli pogoda i warunki morskie na to pozwol\u0105, jacht odwiedzi r\u00f3wnie\u017c magiczn\u0105 <strong data-start=\"2235\" data-end=\"2252\">Jaskinia \u0424\u043e\u0441\u0444\u043e\u0440\u043b\u0443<\/strong>, znany z wyj\u0105tkowej, \u015bwiec\u0105cej atmosfery.<\/div>\n<div data-start=\"2296\" data-end=\"2420\">Na koniec tej relaksuj\u0105cej i malowniczej podr\u00f3\u017cy wr\u00f3\u0107 na pla\u017c\u0119 Adrasan i ciesz si\u0119 wygodnym transferem z powrotem do hotelu.<\/div>\n<p>&nbsp;<\/p>\n<hr \/>\n<p>&nbsp;<\/p>\n<div class=\"tour-content-what-included\">\n<h4 id=\"whats-included\">Co wchodzi w zestaw<\/h4>\n<ul style=\"column-count: 2;\">\n<li>Odbi\u00f3r w\u0142asny z hoteli w Belek i okolicy<\/li>\n<li>Transfer do portu w Adrasan<\/li>\n<li>Przystanek p\u0142ywacki Akseki Bay<\/li>\n<li>P\u0142ywanie w zatoce Porto Ceneviz, k\u0105piel b\u0142otna i lunch<\/li>\n<li>Przystanek p\u0142ywacki w zatoce Korsan<\/li>\n<li>Zwiedzanie jaskini Fosforlu (w zale\u017cno\u015bci od pogody)<\/li>\n<li>Powr\u00f3t do Adrasan i transfer do hotelu<\/li>\n<\/ul>\n<\/div>\n<p>&nbsp;<\/p>\n<hr \/>\n<p>&nbsp;<\/p>\n<div class=\"tour-content-add-information\">\n<h4>Dodatkowe informacje<\/h4>\n<ul>\n<li>Wycieczka na ca\u0142y dzie\u0144 na \u0142odzi<\/li>\n<li>Zwiedzanie jaskini Fosforlu zale\u017cy od warunk\u00f3w na morzu<\/li>\n<li>Zalecane buty do nurkowania<\/li>\n<li>Trasa wycieczki mo\u017ce ulec zmianie ze wzgl\u0119du na pogod\u0119<\/li>\n<\/ul>\n<p>&nbsp;<\/p>\n<\/div>\n<hr \/>\n<p>&nbsp;<\/p>\n<div class=\"tour-content-cancell-policy\">\n<p><strong>Co zabra\u0107 ze sob\u0105<\/strong><\/p>\n<ul style=\"column-count: 2;\">\n<li>Okulary<img decoding=\"async\" class=\"emoji\" role=\"img\" draggable=\"false\" src=\"https:\/\/s.w.org\/images\/core\/emoji\/17.0.2\/svg\/1f576.svg\" alt=\"\ud83d\udd76\ufe0f\" \/><\/li>\n<li>Przeciws\u0142oneczne i kapelusz<img decoding=\"async\" class=\"emoji\" role=\"img\" draggable=\"false\" src=\"https:\/\/s.w.org\/images\/core\/emoji\/17.0.2\/svg\/1f9e2.svg\" alt=\"\ud83e\udde2\" \/><\/li>\n<li>Str\u00f3j k\u0105pielowy i r\u0119cznik <img decoding=\"async\" class=\"emoji\" role=\"img\" draggable=\"false\" src=\"https:\/\/s.w.org\/images\/core\/emoji\/17.0.2\/svg\/1fa71.svg\" alt=\"\ud83e\ude71\" \/><\/li>\n<li>Aparat lub smartfon \ud83d\udcf1<\/li>\n<li>Pieni\u0105dze na osobiste wydatki <img decoding=\"async\" class=\"emoji\" role=\"img\" draggable=\"false\" src=\"https:\/\/s.w.org\/images\/core\/emoji\/17.0.2\/svg\/1f4b3.svg\" alt=\"\ud83d\udcb3\" \/><\/li>\n<\/ul>\n<\/div>","protected":false},"excerpt":{"rendered":"<p>Wycieczka jachtem z Belek do Porto Ceneviz, zatok Akseki i Korsan. P\u0142ywanie, k\u0105piele b\u0142otne, lunch na pok\u0142adzie i transfer do hotelu w cenie.<\/p>","protected":false},"featured_media":13109,"comment_status":"open","ping_status":"closed","template":"","meta":[],"product_brand":[],"product_cat":[15],"product_tag":[],"class_list":{"0":"post-13063","1":"product","2":"type-product","3":"status-publish","4":"has-post-thumbnail","6":"tour_phys-tours","7":"product_cat-non-classe","8":"pa_activity-porto-genoese-bay","9":"pa_destination-belek","11":"first","12":"instock","13":"shipping-taxable","14":"purchasable","15":"product-type-tour_phys"},"_links":{"self":[{"href":"https:\/\/vetatourism.com\/pl\/wp-json\/wp\/v2\/product\/13063","targetHints":{"allow":["GET"]}}],"collection":[{"href":"https:\/\/vetatourism.com\/pl\/wp-json\/wp\/v2\/product"}],"about":[{"href":"https:\/\/vetatourism.com\/pl\/wp-json\/wp\/v2\/types\/product"}],"replies":[{"embeddable":true,"href":"https:\/\/vetatourism.com\/pl\/wp-json\/wp\/v2\/comments?post=13063"}],"wp:featuredmedia":[{"embeddable":true,"href":"https:\/\/vetatourism.com\/pl\/wp-json\/wp\/v2\/media\/13109"}],"wp:attachment":[{"href":"https:\/\/vetatourism.com\/pl\/wp-json\/wp\/v2\/media?parent=13063"}],"wp:term":[{"taxonomy":"product_brand","embeddable":true,"href":"https:\/\/vetatourism.com\/pl\/wp-json\/wp\/v2\/product_brand?post=13063"},{"taxonomy":"product_cat","embeddable":true,"href":"https:\/\/vetatourism.com\/pl\/wp-json\/wp\/v2\/product_cat?post=13063"},{"taxonomy":"product_tag","embeddable":true,"href":"https:\/\/vetatourism.com\/pl\/wp-json\/wp\/v2\/product_tag?post=13063"}],"curies":[{"name":"wp","href":"https:\/\/api.w.org\/{rel}","templated":true}]}}

<div data-start="1431" data-end="1596">Twój dzień zaczyna się od komfortowego transferu z hotelu w Belek lub pobliskich obszarach, za które należy malownicza podróż w <strong data-start="1545" data-end="1561">Port Adrasan</strong>, gdzie czeka Twój butikowy jacht.</div>
<div data-start="1598" data-end="1814">Pierwszy przystanek pływacki to <strong data-start="1625" data-end="1639">Akseki Bay</strong>, gdzie przez około 30 minut można pływać i nurkować z rurką w czystych wodach bogatych w życie morskie. Na dnie morskim mogą znajdować się jeżowce, dlatego zalecane są buty do snorkelingu.</div>
<div data-start="1816" data-end="2030">Następnie rejs do oszałamiającego <strong data-start="1845" data-end="1866">Zatokę Porto - Сеневиз</strong> na dłuższy postój trwający około 60 minut. Popływaj w żywych turkusowych wodach, ciesz się zabawną i orzeźwiającą kąpielą błotną i zrelaksuj się na pokładzie podczas pysznego lunchu.</div>
<div data-start="2032" data-end="2294">Po krótkim rejsie dotrzyj do <strong data-start="2064" data-end="2078">Korsan Bay</strong> na około 40 minut pływania i relaksu w tej spokojnej, zacisznej zatoce. Jeśli pogoda i warunki morskie na to pozwolą, jacht odwiedzi również magiczną <strong data-start="2235" data-end="2252">Jaskinia Фосфорлу</strong>, znany z wyjątkowej, świecącej atmosfery.</div>
<div data-start="2296" data-end="2420">Na koniec tej relaksującej i malowniczej podróży wróć na plażę Adrasan i ciesz się wygodnym transferem z powrotem do hotelu.</div>
<p>&nbsp;</p>
<hr />
<p>&nbsp;</p>
<div class="tour-content-what-included">
<h4 id="whats-included">Co wchodzi w zestaw</h4>
<ul style="column-count: 2;">
<li>Odbiór własny z hoteli w Belek i okolicy</li>
<li>Transfer do portu w Adrasan</li>
<li>Przystanek pływacki Akseki Bay</li>
<li>Pływanie w zatoce Porto Ceneviz, kąpiel błotna i lunch</li>
<li>Przystanek pływacki w zatoce Korsan</li>
<li>Zwiedzanie jaskini Fosforlu (w zależności od pogody)</li>
<li>Powrót do Adrasan i transfer do hotelu</li>
</ul>
</div>
<p>&nbsp;</p>
<hr />
<p>&nbsp;</p>
<div class="tour-content-add-information">
<h4>Dodatkowe informacje</h4>
<ul>
<li>Wycieczka na cały dzień na łodzi</li>
<li>Zwiedzanie jaskini Fosforlu zależy od warunków na morzu</li>
<li>Zalecane buty do nurkowania</li>
<li>Trasa wycieczki może ulec zmianie ze względu na pogodę</li>
</ul>
<p>&nbsp;</p>
</div>
<hr />
<p>&nbsp;</p>
<div class="tour-content-cancell-policy">
<p><strong>Co zabrać ze sobą</strong></p>
<ul style="column-count: 2;">
<li>Okulary<img decoding="async" class="emoji" role="img" draggable="false" src="https://s.w.org/images/core/emoji/17.0.2/svg/1f576.svg" alt="🕶️" /></li>
<li>Przeciwsłoneczne i kapelusz<img decoding="async" class="emoji" role="img" draggable="false" src="https://s.w.org/images/core/emoji/17.0.2/svg/1f9e2.svg" alt="🧢" /></li>
<li>Strój kąpielowy i ręcznik <img decoding="async" class="emoji" role="img" draggable="false" src="https://s.w.org/images/core/emoji/17.0.2/svg/1fa71.svg" alt="🩱" /></li>
<li>Aparat lub smartfon 📱</li>
<li>Pieniądze na osobiste wydatki <img decoding="async" class="emoji" role="img" draggable="false" src="https://s.w.org/images/core/emoji/17.0.2/svg/1f4b3.svg" alt="💳" /></li>
</ul>
</div>

<p>Wycieczka jachtem z Belek do Porto Ceneviz, zatok Akseki i Korsan. Pływanie, kąpiele błotne, lunch na pokładzie i transfer do hotelu w cenie.</p>
