{"id":12995,"date":"2026-01-29T07:11:52","date_gmt":"2026-01-29T07:11:52","guid":{"rendered":"https:\/\/vetatourism.com\/?post_type=product&#038;p=12995"},"modified":"2026-04-09T08:04:15","modified_gmt":"2026-04-09T08:04:15","slug":"green-canyon-boat-trip-from-belek-nature-relaxation","status":"publish","type":"product","link":"https:\/\/vetatourism.com\/tours\/green-canyon-boat-trip-from-belek-nature-relaxation","title":{"rendered":"Spacer na rejs po Zielonym Kanionie z \u0411\u0435\u043b\u0435\u043a\u0430 \u2013 Natura, Wakacje"},"content":{"rendered":"<p>Tw\u00f3j dzie\u0144 zaczyna si\u0119 od komfortowego transferu z hotelu w Belek lub pobliskich obszarach, za kt\u00f3re nale\u017cy malownicza podr\u00f3\u017c przez g\u00f3ry Taurus do Zielonego kanionu.<\/p>\n<p>Po przyje\u017adzie usi\u0105d\u017a na komfortowy \u0142\u00f3dk\u0119 i uda\u0107 si\u0119 na relaksuj\u0105cy rejs po szmaragdowo-zielone wody, otoczony ska\u0142ami i bujne le\u015bnymi. Trasa prowadzi przez Ma\u0142e i Du\u017ce kaniony z przerwami na k\u0105piel w spokojnych, krystalicznie czystych wodach.<\/p>\n<p>P\u00f3\u017aniej zapraszamy na pyszny obiad w restauracji na brzegu jeziora, gdzie mo\u017cna w pe\u0142ni si\u0119 zrelaksowa\u0107 i cieszy\u0107 si\u0119 cisz\u0105 natury. Trasa ta oferuje idealn\u0105 r\u00f3wnowag\u0119 wypoczynku i krajobrazu, zanim wr\u00f3cisz do swojego stylu, wypocz\u0119ty i \u043f\u043e\u0434\u0437\u0430\u0440\u044f\u0436\u0435\u043d\u043d\u044b\u043c.<\/p>\n<p>&nbsp;<\/p>\n<hr \/>\n<p>&nbsp;<\/p>\n<div class=\"tour-content-what-included\">\n<h4 id=\"whats-included\">Co wchodzi w zestaw<\/h4>\n<ul style=\"column-count: 2;\">\n<li>Odbi\u00f3r w\u0142asny z hoteli w Belek i okolicy<\/li>\n<li>Malownicza wycieczka po g\u00f3rach Taurus<\/li>\n<li>Rejs po Zielonym Kanionie<\/li>\n<li>P\u0142ywanie ustaje<\/li>\n<li>Obiad w restauracji na brzegu jeziora<\/li>\n<li>Powrotny rejs<\/li>\n<li>Transport z powrotem do hotelu<\/li>\n<\/ul>\n<\/div>\n<hr \/>\n<p>&nbsp;<\/p>\n<div class=\"tour-content-add-information\">\n<h4>Dodatkowe informacje<\/h4>\n<ul>\n<li>Wycieczka na ca\u0142y dzie\u0144 na \u0142odzi (oko\u0142o 9-10 godzin)<\/li>\n<li>Niska aktywno\u015b\u0107 fizyczna (rejs na \u0142odzi i na \u017cyczenie p\u0142ywanie)<\/li>\n<li>Codzienne wyjazdy z Kemer<\/li>\n<li>Na \u0142odzi s\u0105 zacienione miejsca do siedzenia i toalety<\/li>\n<li>Dostarczone kamizelki ratunkowe<\/li>\n<li>Dzieci do 5 lat podr\u00f3\u017cuj\u0105 za darmo, nie przys\u0142uguje osobne miejsce w autobusie; je\u015bli autobus jest pe\u0142ny, oni siedz\u0105 na kolanach osoby doros\u0142ej lub miejsce mo\u017cna zarezerwowa\u0107 oddzielnie<\/li>\n<\/ul>\n<\/div>\n<hr \/>\n<p>&nbsp;<\/p>\n<div class=\"tour-content-cancell-policy\">\n<p><strong>Co zabra\u0107 ze sob\u0105<\/strong><\/p>\n<ul style=\"column-count: 2;\">\n<li>Okulary<img decoding=\"async\" class=\"emoji\" role=\"img\" draggable=\"false\" src=\"https:\/\/s.w.org\/images\/core\/emoji\/17.0.2\/svg\/1f576.svg\" alt=\"\ud83d\udd76\ufe0f\" \/><\/li>\n<li>Przeciws\u0142oneczne i kapelusz<img decoding=\"async\" class=\"emoji\" role=\"img\" draggable=\"false\" src=\"https:\/\/s.w.org\/images\/core\/emoji\/17.0.2\/svg\/1f9e2.svg\" alt=\"\ud83e\udde2\" \/><\/li>\n<li>Str\u00f3j k\u0105pielowy i r\u0119cznik <img decoding=\"async\" class=\"emoji\" role=\"img\" draggable=\"false\" src=\"https:\/\/s.w.org\/images\/core\/emoji\/17.0.2\/svg\/1fa71.svg\" alt=\"\ud83e\ude71\" \/><\/li>\n<li>Aparat lub smartfon \ud83d\udcf1<\/li>\n<li>Pieni\u0105dze na osobiste wydatki <img decoding=\"async\" class=\"emoji\" role=\"img\" draggable=\"false\" src=\"https:\/\/s.w.org\/images\/core\/emoji\/17.0.2\/svg\/1f4b3.svg\" alt=\"\ud83d\udcb3\" \/><\/li>\n<\/ul>\n<\/div>","protected":false},"excerpt":{"rendered":"<p>Do\u0142\u0105cz do rejsu statkiem po Zielonym kanionie z \u0411\u0435\u043b\u0435\u043a\u0430 z szmaragdowymi wodami, przystankami na k\u0105piel i obiad nad brzegiem jeziora. Spokojny wypoczynek na \u0142onie natury w ci\u0105gu ca\u0142ego dnia.<\/p>","protected":false},"featured_media":12997,"comment_status":"open","ping_status":"closed","template":"","meta":[],"product_brand":[],"product_cat":[],"product_tag":[],"class_list":{"0":"post-12995","1":"product","2":"type-product","3":"status-publish","4":"has-post-thumbnail","6":"tour_phys-tours","7":"pa_destination-belek","9":"first","10":"instock","11":"shipping-taxable","12":"purchasable","13":"product-type-tour_phys"},"_links":{"self":[{"href":"https:\/\/vetatourism.com\/pl\/wp-json\/wp\/v2\/product\/12995","targetHints":{"allow":["GET"]}}],"collection":[{"href":"https:\/\/vetatourism.com\/pl\/wp-json\/wp\/v2\/product"}],"about":[{"href":"https:\/\/vetatourism.com\/pl\/wp-json\/wp\/v2\/types\/product"}],"replies":[{"embeddable":true,"href":"https:\/\/vetatourism.com\/pl\/wp-json\/wp\/v2\/comments?post=12995"}],"wp:featuredmedia":[{"embeddable":true,"href":"https:\/\/vetatourism.com\/pl\/wp-json\/wp\/v2\/media\/12997"}],"wp:attachment":[{"href":"https:\/\/vetatourism.com\/pl\/wp-json\/wp\/v2\/media?parent=12995"}],"wp:term":[{"taxonomy":"product_brand","embeddable":true,"href":"https:\/\/vetatourism.com\/pl\/wp-json\/wp\/v2\/product_brand?post=12995"},{"taxonomy":"product_cat","embeddable":true,"href":"https:\/\/vetatourism.com\/pl\/wp-json\/wp\/v2\/product_cat?post=12995"},{"taxonomy":"product_tag","embeddable":true,"href":"https:\/\/vetatourism.com\/pl\/wp-json\/wp\/v2\/product_tag?post=12995"}],"curies":[{"name":"wp","href":"https:\/\/api.w.org\/{rel}","templated":true}]}}

Spacer na rejs po Zielonym Kanionie z Белека – Natura, Wakacje

<p>Twój dzień zaczyna się od komfortowego transferu z hotelu w Belek lub pobliskich obszarach, za które należy malownicza podróż przez góry Taurus do Zielonego kanionu.</p>
<p>Po przyjeździe usiądź na komfortowy łódkę i udać się na relaksujący rejs po szmaragdowo-zielone wody, otoczony skałami i bujne leśnymi. Trasa prowadzi przez Małe i Duże kaniony z przerwami na kąpiel w spokojnych, krystalicznie czystych wodach.</p>
<p>Później zapraszamy na pyszny obiad w restauracji na brzegu jeziora, gdzie można w pełni się zrelaksować i cieszyć się ciszą natury. Trasa ta oferuje idealną równowagę wypoczynku i krajobrazu, zanim wrócisz do swojego stylu, wypoczęty i подзаряженным.</p>
<p>&nbsp;</p>
<hr />
<p>&nbsp;</p>
<div class="tour-content-what-included">
<h4 id="whats-included">Co wchodzi w zestaw</h4>
<ul style="column-count: 2;">
<li>Odbiór własny z hoteli w Belek i okolicy</li>
<li>Malownicza wycieczka po górach Taurus</li>
<li>Rejs po Zielonym Kanionie</li>
<li>Pływanie ustaje</li>
<li>Obiad w restauracji na brzegu jeziora</li>
<li>Powrotny rejs</li>
<li>Transport z powrotem do hotelu</li>
</ul>
</div>
<hr />
<p>&nbsp;</p>
<div class="tour-content-add-information">
<h4>Dodatkowe informacje</h4>
<ul>
<li>Wycieczka na cały dzień na łodzi (około 9-10 godzin)</li>
<li>Niska aktywność fizyczna (rejs na łodzi i na życzenie pływanie)</li>
<li>Codzienne wyjazdy z Kemer</li>
<li>Na łodzi są zacienione miejsca do siedzenia i toalety</li>
<li>Dostarczone kamizelki ratunkowe</li>
<li>Dzieci do 5 lat podróżują za darmo, nie przysługuje osobne miejsce w autobusie; jeśli autobus jest pełny, oni siedzą na kolanach osoby dorosłej lub miejsce można zarezerwować oddzielnie</li>
</ul>
</div>
<hr />
<p>&nbsp;</p>
<div class="tour-content-cancell-policy">
<p><strong>Co zabrać ze sobą</strong></p>
<ul style="column-count: 2;">
<li>Okulary<img decoding="async" class="emoji" role="img" draggable="false" src="https://s.w.org/images/core/emoji/17.0.2/svg/1f576.svg" alt="🕶️" /></li>
<li>Przeciwsłoneczne i kapelusz<img decoding="async" class="emoji" role="img" draggable="false" src="https://s.w.org/images/core/emoji/17.0.2/svg/1f9e2.svg" alt="🧢" /></li>
<li>Strój kąpielowy i ręcznik <img decoding="async" class="emoji" role="img" draggable="false" src="https://s.w.org/images/core/emoji/17.0.2/svg/1fa71.svg" alt="🩱" /></li>
<li>Aparat lub smartfon 📱</li>
<li>Pieniądze na osobiste wydatki <img decoding="async" class="emoji" role="img" draggable="false" src="https://s.w.org/images/core/emoji/17.0.2/svg/1f4b3.svg" alt="💳" /></li>
</ul>
</div>

<p>Dołącz do rejsu statkiem po Zielonym kanionie z Белека z szmaragdowymi wodami, przystankami na kąpiel i obiad nad brzegiem jeziora. Spokojny wypoczynek na łonie natury w ciągu całego dnia.</p>
